d by -3*(3 + k/(-6)) + 3?
24
Let x(k) = -k**3 + 21*k**2 + 28*k - 33. What is the remainder when x(22) is divided by 17?
14
Suppose -72*s + 3*b - 147 = -75*s, 2*s + b = 101. Calculate the remainder when 318 is divided by s.
6
Let r be ((-12)/8)/((-9)/12). Calculate the remainder when (-2)/3 - (r - (-200)/(-3)) is divided by 22.
20
Let p = 14 + -10. Suppose 4*o - 16 = -5*j, o + j = p*o - 31. Suppose 2*m - 4*m - 6 = 0, 4*n = -3*m + 7. Calculate the remainder when o is divided by n.
1
Let s = 44 + -45. Calculate the remainder when 36 is divided by (s - (-5 + 3))*13.
10
Suppose 4*y - 3*i = 128, 5*i = -8 + 28. Let z = 28 + -16. Calculate the remainder when y is divided by z.
11
Let m be 1/(-4)*-4 + -1. Suppose b - 1 + 0 = m. Calculate the remainder when 18/(-1 + 2) + b is divided by 5.
4
Let m(j) = -3*j - 5. Let u be m(-7). Suppose 5*a + 4 = f, 4*f - 108 = -3*a - 0*a. What is the remainder when f/u*(-2)/(-3) is divided by 1?
0
Let r(d) = 7*d + 182. Calculate the remainder when r(-23) is divided by 4.
1
Suppose 56*f = 61*f - 2140. Suppose -4*q = -0*o - 4*o + f, -5*o = q - 517. What is the remainder when o is divided by 27?
23
Let v = -28 + 53. Let l = v + -14. Let u = 1 - -5. What is the remainder when l is divided by u?
5
Let r be 2/3 + (-76)/(-12). Let u = r + -3. Let p = -276 - -287. Calculate the remainder when p is divided by u.
3
Suppose -19*o - 1524 = -4241. Calculate the remainder when o is divided by 41.
20
Let o be (-2)/3*3*-1. Let h be o/11 + 10770/55. Suppose -7*f + h = -3*f. What is the remainder when f is divided by 13?
10
Suppose -3*k + 7*k = 8*k. Suppose k = -7*o - 15 + 78. What is the remainder when 51 is divided by o?
6
Suppose 9*x - 7*x + 2 = 0. Let t(r) = -31*r. Calculate the remainder when 59 is divided by t(x).
28
Let j = -2689 - -2775. What is the remainder when 857 is divided by j?
83
Let m = -272 - -285. What is the remainder when 32 is divided by m?
6
Suppose 22*d - 312 = -4*d. What is the remainder when d is divided by 4?
0
Let y = -52 - -54. Suppose 0 = -y*f + 15 + 17. Calculate the remainder when 53 is divided by f.
5
Suppose -3*i + i + 5*o + 22 = 0, 0 = -5*o - 10. Let f = 14 - i. Calculate the remainder when 200/7 - 93/((-10416)/160) is divided by f.
6
Let q(v) = 3*v**3 - 4*v**2 + 3*v - 1. Let z = -109 - -151. Calculate the remainder when z is divided by q(2).
3
Let c(n) = 86*n - 3. Let v be c(2). Let f = v - 112. Let p(s) = -4*s - 180. What is the remainder when f is divided by p(-50)?
17
Let o = -6 + 8. Suppose 3*n + 18 = -d + 50, -o*n - 3*d = -33. Let l = 0 - -5. What is the remainder when n is divided by l?
4
Suppose 45 = -k + 5*y, 3*k + 91 = 8*y - 4*y. Let q = -22 - k. Suppose -p + 5*z = -15, 3*p = 2*p - 4*z - 3. What is the remainder when p is divided by q?
2
Suppose -2*i + 3*s = -0*i - 68, -2*s - 144 = -4*i. What is the remainder when 139 is divided by i?
28
What is the remainder when 173 is divided by 6 + 96/(-6)*-1?
19
Let k(h) = 5*h**3 - 4*h**2 + 8*h + 2. What is the remainder when 202 is divided by k(2)?
34
Let h = 95 - 44. Let a = -30 + h. Calculate the remainder when 41 is divided by a.
20
Suppose -3*r - 3*c + 9 = 0, -4*r = -5*c + 38 - 14. Calculate the remainder when (r/(-1))/(12/96) is divided by 3.
2
Let s = 163 - 138. Suppose -2*b + 5 + 5 = 0. Suppose -z = -b*z + 36. Calculate the remainder when s is divided by z.
7
Suppose 2*h - 383 = -c, -5*c + 2*h + 1902 = -h. Let y = c - 267. Let w = y - 73. What is the remainder when w is divided by 11?
8
Suppose q - 12 = 4*q, 5*l - 937 = -2*q. Calculate the remainder when l is divided by 97.
92
Suppose 5*i + z = 4*i + 7, i - 4*z = 32. Suppose 542 = 5*o - 4*v, 821*v + 91 = o + 826*v. What is the remainder when o is divided by i?
10
Let o(w) = -w**3 + 7*w**2 - 3*w - 5. Suppose 4*g - 74 = -2*n, 5*g + n = 3*n + 79. Let q = g - 1. Calculate the remainder when o(5) is divided by q.
14
Suppose -2*g - 2*z + 340 = -6*z, 4*g - 3*z = 660. Calculate the remainder when g is divided by 15.
12
Suppose -222 = 5*h - 332. What is the remainder when h is divided by 9?
4
Let w(u) = -u**2 - 7*u + 6. Let v(a) = 3*a - 3. Let j be v(-10). Let g be 2/(-4) + j/6. Calculate the remainder when w(g) is divided by 5.
2
Calculate the remainder when 0/(8/4 - 0) - -142 is divided by 24.
22
Let u be (210/(-147))/((-2)/238). Suppose 0 = w - 3*w + u. Calculate the remainder when w is divided by 22.
19
Suppose -101 = -4*q - a, q + 3*a = -a + 14. Calculate the remainder when q is divided by -3 + (-90)/50*(-10)/3.
2
Calculate the remainder when -2 + 4 + (2 - -140) is divided by 19.
11
Let l = -269 + 339. Suppose 3*c = 4*a - 76 + 9, 0 = 2*a + c - 41. What is the remainder when l is divided by a?
13
Suppose -2*j - 143 = -5*v, -j + 80 = 5*v - 51. Calculate the remainder when v is divided by 10.
7
Let h = 483 + -263. Calculate the remainder when h is divided by 9.
4
Suppose 0*a - a - 2 = 0, -a = -5*i + 457. Let y(u) = -17 + 12*u + 2*u + 8*u - 14*u. What is the remainder when i is divided by y(6)?
29
Let m = 1099 - 1052. Calculate the remainder when 263 is divided by m.
28
Let c(u) = u + 5. Let d be c(-5). Suppose d = -3*b + 2*b - 5. Calculate the remainder when 4 is divided by ((-3)/b)/((-4)/(-20)).
1
Suppose 0 = -3*x - 12, -x - 32 = -12*m + 11*m. What is the remainder when 363 is divided by m?
27
Suppose 0 = -143*n + 126*n + 850. What is the remainder when 194 is divided by n?
44
Suppose -2 = -3*i + 2*i. Let l(o) = 2*o - 22. What is the remainder when l(12) is divided by i?
0
Suppose 4*r = 22 - 10. Suppose -20 = 4*x, x - 6*x = r*z + 34. What is the remainder when z/6 + (-532)/(-8) is divided by 23?
20
Let b(s) = -2*s**3 + 2*s**2 - 2*s + 7. Let v be b(2). What is the remainder when (2*(-215)/v)/1 is divided by 44?
42
Suppose 3*a - 12 = -3*k, 2*k - 19 + 1 = -4*a. Suppose -4*g - 1922 = -5*l, 382 = 3*g + 2*l + 1835. What is the remainder when 69 is divided by g/(-35) - (-1)/a?
13
What is the remainder when (-8228)/(-60) - (-20)/(-150) is divided by 69?
68
Suppose n = -5*t + 118, 0*t + 2*n - 75 = -3*t. Suppose -3*x - t = h + x, 4*x = -4*h - 56. Calculate the remainder when 30 is divided by (-2 - h)/3 + 5.
6
Suppose 4*o = -5*l + 377, 236*o + 3*l - 103 = 235*o. Suppose -2*a = -0*a - 36. What is the remainder when o is divided by a?
16
Suppose -20*s - 12 = -24*s. What is the remainder when 36 is divided by ((-4)/s)/((-39)/(-45) - 1)?
6
Suppose -n + 82 = 5*a, -a + 3*n + 15 = 5. What is the remainder when 175 is divided by a?
15
Suppose 0 = -2*r + 8*r - 12. Suppose n + r*g - 12 = 0, -n - g + 12 = 2*g. What is the remainder when 44 is divided by n?
8
Let m(y) be the first derivative of -y**4/4 + 2*y**3 - y + 9. Let u(c) = c**2 + 6*c + 8. Calculate the remainder when m(4) is divided by u(-6).
7
Calculate the remainder when (-4833)/(-36) + (-11)/(-4) + -2 is divided by 8.
7
Suppose -2*x + 5*x = 4*j + 116, -2*x - 3*j + 100 = 0. Calculate the remainder when x is divided by 14.
2
Let n(f) = 25*f + 2135. Suppose 5*v - i = -0*i + 505, 383 = 4*v - 5*i. What is the remainder when v is divided by n(-84)?
32
Suppose -8*i = -3*i - 180. Let z = -25 + i. What is the remainder when z is divided by 2?
1
Let f = 1802 + -1748. Calculate the remainder when 640 is divided by f.
46
Suppose x = -0*x + 7. Suppose -4*m + x*m - f = 12, -f = 0. Suppose y - 48 = -4*h - y, -3*y - 6 = 0. What is the remainder when h is divided by m?
1
Suppose 3*k - 5*k = -108. What is the remainder when 2/(112/k - 2) is divided by 7?
6
Calculate the remainder when (-1 - -420)/(9 - 8) is divided by 70.
69
Let c(v) = 10*v**3 + 10*v**2 - 5*v - 7. Let k(f) = -9*f**3 - 9*f**2 + 5*f + 6. Let d(o) = -6*c(o) - 7*k(o). What is the remainder when d(2) is divided by 9?
8
Let q(l) = l**3 + 4*l**2 - 2*l - 2. Let h(c) = 18*c + 502. What is the remainder when h(-27) is divided by q(-4)?
4
Suppose 12 = 2*x + 2*y, -4*x + 0*y + 12 = y. Suppose 22 = q - n, -q = x*q + 3*n - 36. Calculate the remainder when 44 is divided by q.
10
Let z(f) be the first derivative of -f**3/3 - 5*f**2/2 + 4*f + 11. Let s be z(-5). What is the remainder when s/(-4) - 150/(-3) is divided by 26?
23
Let r(j) = -j + 23. Let m be r(-11). Suppose -4*p = -54 - m. What is the remainder when 85 is divided by p?
19
Let b = -31 + 129. What is the remainder when b is divided by 9?
8
Let p(o) = o**3 + 15*o**2 -